*g**2 + 4. Let n be y(-7). Let f(s) = s**2 - 5*s + 11. What is the units digit of f(n)?
7
Let c be (36/60)/((-5)/(-50)). Suppose 2411 = c*r - 451. What is the hundreds digit of r?
4
Suppose 20151 = 8*l - 56801. What is the hundreds digit of l?
6
Let b(h) = 122*h**2 - 91*h - 318. What is the tens digit of b(-5)?
8
What is the units digit of (2 - 10/8)*(52925 + (-23 - -14))?
7
Suppose 23*n - 13303 - 429033 = 0. What is the tens digit of -3 + 10/4*n/80?
9
Let t(q) = q + 1635. What is the units digit of t(88)?
3
Suppose -26*b + 25*b = 7. What is the hundreds digit of (-1753)/b + (-3)/7?
2
Suppose 4*p - 28967 = 4*f - 7387, 0 = 2*f + 10. What is the thousands digit of p?
5
Let n = 11993 - 7936. What is the tens digit of n?
5
Let c(f) = 3*f**2 + 5*f + 16. Let t be c(3). Suppose -27*s + 1732 = t. What is the tens digit of s?
6
Suppose 5*x + 21254 = -q + 72553, 0 = -5*x + q + 51301. What is the tens digit of x?
6
Suppose 0 = -3*o - 2*q + q + 1, -5*q = -3*o - 5. Suppose 4*p = 3*g + 429, o = 4*g - 45 + 25. What is the tens digit of p?
1
Suppose -5*n - 7*u + 144129 = -4*u, -2*n + u = -57645. What is the tens digit of n?
2
Let w = -849 - -7208. What is the tens digit of w?
5
Suppose 30*k - 6*k = 255960. What is the thousands digit of k?
0
Suppose 4*p - 338 = -2*y, -p = -3*y + 376 + 117. Suppose v = -u + y, 2*v + 3*u + 51 = 380. What is the units digit of v?
6
Suppose y + 121*h - 26343 = 116*h, -2*y + 52634 = -3*h. What is the units digit of y?
3
Let a(q) = 24 - 12*q + 3*q**2 + 23 - 2*q**2 + 38*q. Let y(h) = -h**2 - 25*h - 48. Let b(f) = -6*a(f) - 5*y(f). What is the hundreds digit of b(-22)?
1
Let c(x) = -3*x**3 + 3*x**2 + x + 5. Let u be (75/5)/(-3) + -4. Let n = 6 + u. What is the hundreds digit of c(n)?
1
Suppose 5*l - 206 = -3*j, -j - j - 2*l = -132. Let n(w) = 39*w**2 + w - 1. Let b be n(2). Let m = b - j. What is the units digit of m?
5
Let s(r) = -r**2 + r - 2. Suppose 16 = 2*i - 2. Let g be s(i). Let o = g - -132. What is the tens digit of o?
5
Let t be 20/25*(5/2)/1. Suppose 0 = 4*v - t*b + 4*b - 2868, -5*v = b - 3579. What is the tens digit of v?
1
Suppose -2908 - 24161 = -2*w + 1507. What is the units digit of w?
8
Suppose 0 = 44*x + 49 - 5. Let g = x - -716. What is the hundreds digit of g?
7
Suppose 1605*g - 1570*g - 937300 = 0. What is the tens digit of g?
8
Let x(w) be the third derivative of 256*w**5/15 + 5*w**4/6 - 19*w**3/6 - 14*w**2 - 3. What is the hundreds digit of x(1)?
0
Let n be ((-210)/56)/(2*(-3)/8). Suppose 0*h = n*h - 1295. What is the hundreds digit of h?
2
Suppose -4*z = 4*x - 2880, 9 + 11 = -4*z. Let h = x - 197. What is the hundreds digit of h?
5
Let m(y) = 81 - 164 - 458*y + 139. What is the hundreds digit of m(-2)?
9
Let j(h) = 98*h**3 + 22*h**3 - 275*h**3 - 5 - 6*h. What is the hundreds digit of j(-1)?
1
Suppose 9*k - 5*k = 8. Suppose 52 = -2*g + 5*q, k*q = 8 - 0. What is the units digit of ((-20)/g)/((-2)/(-152))?
5
Suppose 19*z = 23*z + 5*t - 453, -4*z = t - 433. Let p = z + 4. What is the hundreds digit of p?
1
Suppose 2*g + 903 = 3*n, 5*n + 76*g - 1505 = 79*g. What is the units digit of n?
1
Let k(z) = z**3 + 15*z**2 + 2*z + 16. Let n be k(-15). What is the hundreds digit of n/49 + 3502/7?
5
Let k = -15680 + 10758. Let a = -2949 - k. What is the tens digit of a?
7
Let x(s) = -28*s + 14*s + 36 + 27 + 20*s. Let c be x(-11). What is the hundreds digit of c - (-6*219/(-6))/(-1)?
2
Let a(j) = j + 12. Let t be a(19). Let p(f) = 0 - t*f - 8 + 9 + 4. What is the tens digit of p(-3)?
9
Suppose -27533 + 239961 = 3*j + 20*j. What is the units digit of j?
6
Suppose 35*r + 301*r - 13299360 - 7221168 = 0. What is the ten thousands digit of r?
6
Let j = 12 - 8. Let r = -294 + 522. Suppose 0*d + 4*d = -5*g + r, -j*d + 212 = g. What is the units digit of d?
2
Let p(z) = 13*z - 26. Let x be p(5). Suppose 0 = -x*y + 34*y + 7090. Suppose y - 389 = 7*r. What is the units digit of r?
7
Let j be (5/((-25)/(-12)))/(2/955). Let s = -777 + j. What is the hundreds digit of s?
3
Let d(s) = -s**3 + 25*s**2 + 11*s. Let n be d(18). Suppose 8*x - n = -x. What is the units digit of x?
4
Let g be 0 - (2/1 + -8). Suppose -29 = g*j - 131. What is the units digit of 0 + (4 - 3) - j*-1?
8
Suppose -g = -4*g - 6. Suppose 0 = 3*x - w - 510, -w = -22 + 25. What is the tens digit of (5 - 35/5)/(g/x)?
6
Let i be 4 - (5859/6)/(6/(-12)). Suppose -7*h + 87 + i = 0. Let s = 464 - h. What is the units digit of s?
2
Let h(i) be the second derivative of -73*i**3 - 3*i**2 + 8*i. Let m be h(-1). What is the units digit of 2/10 - m/(-15)?
9
Let u be 783 + 1 - 15*(-7)/(-35). Suppose -1007 = -4*l + u. What is the units digit of l?
7
Let q(m) = -430*m**3 + m - 2. Let x be q(1). Let l = 782 + x. What is the hundreds digit of l?
3
Let y = -47 - -48. Suppose 4*k + 15 = j, -y = 3*k + 2. Suppose -j*a - 163 = -834. What is the units digit of a?
1
Suppose 6*a - 444 = 2*a. Let l be (-1 - 3) + -31*(-1 + 2). Let y = l + a. What is the tens digit of y?
7
Let d(n) = 5*n**2 + n. Let j be d(1). Let x be (3 + -1)/(10/(-75)). What is the tens digit of 433/5 + 3 - j/x?
9
What is the hundreds digit of 1/(-3) + 3921071/231 - 0?
9
Suppose -4*g + 23546 = 2*v, 4*v + 18*g - 47101 = 19*g. What is the tens digit of v?
7
What is the tens digit of -399495*6*(-11)/495?
6
Let l = -20740 - -29497. What is the hundreds digit of l?
7
Let o = 20 + -14. Let h(y) = 37*y**2 + 10*y - 4. Let b be h(-6). Suppose 14 = -o*q + b. What is the hundreds digit of q?
2
Let j(n) = 42*n - 10. Let x be j(3). Suppose -120*g + x*g + 1440 = 0. What is the units digit of ((-34)/(-8))/(3/g*5)?
2
Suppose -48*j + 105 = -53*j. Let y be 2/(-1) + j + 29. Let v = y - -54. What is the units digit of v?
0
Suppose 30*x - 7413 = 9*x. Let u = -65 + x. What is the tens digit of u?
8
Let d(i) = -21*i + 3. Let b be d(-1). Suppose 2*s + b = 3*k, -5*s = -0*k - 4*k + 39. Suppose k*j - 736 = 2*j. What is the tens digit of j?
8
Suppose 4*a - 4*f = -a - 5, 4*f = 2*a + 14. What is the units digit of 2 + -4 + a + 533?
4
Suppose 0 = 3*w - 45 - 33. Let r = 29 - w. Suppose -5*m + 130 = -7*g + 2*g, r*g = 5*m - 124. What is the units digit of m?
3
Let j(c) = c + 2. Let z be j(1). Suppose z*g + 5*r - 1718 = 0, -3*r = -11*g + 16*g - 2858. What is the units digit of g?
1
Let u(d) = d**3 - 7*d**2 - 10*d - 4. Let t be u(8). Let q be 3/((-15)/(-2)) + (-72)/t. Let m(n) = 5*n**2 + 7*n - 10. What is the units digit of m(q)?
8
What is the hundreds digit of 16/(-32)*2952/(-3)?
4
Let b be 368/345*6/(-4)*1340. Let i = -1241 - b. What is the hundreds digit of i?
9
Let b(k) = k**3 + 19*k**2 - k - 2. Let g be b(-19). Suppose 20*m = g*m + 117. Suppose j - 2*j + m = 0. What is the tens digit of j?
3
Let m(k) = -k**3 + 7*k**2 + 18*k - 10. Let n be m(9). What is the tens digit of 401480/400 + (-3)/n?
0
Let v(i) = 215*i**2 - 159*i + 14. What is the hundreds digit of v(-8)?
0
Suppose -m + 9 = -4*m, -5*m = 5*n + 250. Let p = 220 - n. What is the tens digit of p?
6
Suppose 3*s + 6 = -4*q + s, q = -s - 2. Let p be 2/16 - (-124)/(-32)*q. Suppose -3*l = -5*k + 794, -3*k + p*l = 2*l - 476. What is the hundreds digit of k?
1
Let o(n) = 231*n + 27. Let w be o(2). Suppose r - w = s, 527 + 1413 = 4*r + 4*s. What is the tens digit of r?
8
Suppose -77 = 101*f - 108*f. Suppose 290 = f*g - 1283. What is the units digit of g?
3
Let a(c) = -c**3 - c**2 + c + 2. Let u be a(-2). Suppose 3*p = -3*s - 3, p - 13 = -2*p + 5*s. What is the tens digit of p/(u/332 - 0)?
8
Suppose -6*h + 2*h = -16, 5*a + 9*h - 81891 = 0. What is the units digit of a?
1
Suppose -637*l + 638*l + 2*t - 24201 = 0, 0 = 2*l + 5*t - 48400. What is the tens digit of l?
0
Suppose 15*b = 4*r + 14*b - 14001, -3*r + b = -10501. Suppose 585*i = 578*i + r. What is the tens digit of i?
0
Let z(w) = -w**3 + 62*w**2 - 43*w - 159. What is the units digit of z(59)?
7
What is the tens digit of (114/133)/((36/(-21) + 2)/17572)?
1
Let u = -3895 - -10061. Suppose -u = 43*p - 55358. What is the hundreds digit of p?
1
Let s(v) = -v**3 + 20*v**2 - 38*v + 50. Let q be s(18). Suppose -q = r - 358. What is the hundreds digit of r?
3
What is the thousands digit of 31292 + 1 + -7 + 100/10?
1
Suppose 27*i = 22*i + 4*r - 102, 0 = i - 3*r + 27. Let o(q) = -73*q - 246. What is the units digit of o(i)?
8
Let l = 11254 - 7361. What is the units digi